 (base 12) to base 8.
335
What is 4 (base 5) in base 10?
4
Convert -10111 (base 2) to base 6.
-35
What is -10 (base 14) in base 12?
-12
6 (base 16) to base 9
6
What is -20 (base 7) in base 12?
-12
Convert -4 (base 10) to base 2.
-100
What is 2 (base 14) in base 15?
2
-10 (base 4) to base 8
-4
What is 83 (base 9) in base 11?
69
What is -57 (base 16) in base 6?
-223
What is 243 (base 5) in base 10?
73
What is 123 (base 7) in base 4?
1002
Convert 4 (base 12) to base 5.
4
5 (base 13) to base 3
12
-5 (base 13) to base 10
-5
-2 (base 3) to base 13
-2
What is 30 (base 14) in base 3?
1120
-1 (base 13) to base 10
-1
What is 0 (base 14) in base 2?
0
-2 (base 9) to base 16
-2
What is -21 (base 3) in base 7?
-10
Convert -2 (base 7) to base 2.
-10
Convert 1122 (base 4) to base 12.
76
What is -14 (base 8) in base 16?
-c
Convert -20 (base 10) to base 3.
-202
Convert -314 (base 6) to base 16.
-76
Convert -5 (base 15) to base 10.
-5
-1101 (base 4) to base 6
-213
Convert 12 (base 14) to base 6.
24
Convert 23 (base 15) to base 8.
41
What is 100 (base 7) in base 10?
49
-2 (base 6) to base 2
-10
Convert 4 (base 9) to base 5.
4
Convert 40 (base 8) to base 10.
32
Convert 8d (base 16) to base 2.
10001101
What is -b (base 16) in base 8?
-13
Convert 1 (base 12) to base 15.
1
4 (base 15) to base 16
4
0 (base 8) to base 11
0
What is 2012 (base 3) in base 15?
3e
10000 (base 2) to base 15
11
31 (base 9) to base 14
20
-20121 (base 3) to base 14
-ca
Convert 4 (base 9) to base 12.
4
What is 203 (base 4) in base 6?
55
-11 (base 3) to base 9
-4
Convert -da (base 16) to base 8.
-332
What is -1 (base 10) in base 6?
-1
Convert 10 (base 5) to base 10.
5
-e5 (base 15) to base 7
-425
What is 4 (base 6) in base 9?
4
Convert -442 (base 5) to base 4.
-1322
Convert 96 (base 11) to base 2.
1101001
Convert -72 (base 9) to base 7.
-122
26 (base 12) to base 8
36
-23 (base 13) to base 14
-21
Convert -7 (base 12) to base 8.
-7
What is 0 (base 2) in base 16?
0
21 (base 5) to base 7
14
Convert -1 (base 6) to base 4.
-1
What is 1 (base 12) in base 11?
1
Convert 1023 (base 5) to base 7.
255
Convert -2 (base 12) to base 11.
-2
What is -2 (base 4) in base 15?
-2
Convert -11 (base 5) to base 15.
-6
-29 (base 13) to base 16
-23
-64 (base 11) to base 5
-240
-25 (base 10) to base 11
-23
What is 0 (base 3) in base 15?
0
Convert -2 (base 3) to base 8.
-2
-6 (base 7) to base 3
-20
181 (base 10) to base 4
2311
0 (base 16) to base 11
0
Convert 3 (base 14) to base 7.
3
Convert -1 (base 15) to base 16.
-1
What is -111001 (base 2) in base 16?
-39
Convert 3 (base 9) to base 2.
11
Convert 1 (base 4) to base 2.
1
-234 (base 5) to base 9
-76
What is 6d (base 16) in base 6?
301
1 (base 9) to base 3
1
34 (base 16) to base 2
110100
Convert 1 (base 15) to base 8.
1
Convert -110 (base 2) to base 12.
-6
Convert 5 (base 8) to base 3.
12
-a5 (base 13) to base 8
-207
Convert 11100100 (base 2) to base 4.
3210
Convert -115 (base 14) to base 8.
-327
Convert 181 (base 9) to base 5.
1104
What is 20 (base 3) in base 13?
6
What is 11 (base 2) in base 8?
3
-b2 (base 15) to base 2
-10100111
97 (base 13) to base 12
a4
11 (base 5) to base 8
6
-2 (base 10) to base 14
-2
What is -14 (base 5) in base 3?
-100
Convert -10011 (base 2) to base 6.
-31
What is 20220 (base 3) in base 14?
d4
Convert 7 (base 12) to base 8.
7
What is 6c (base 14) in base 4?
1200
What is -79 (base 15) in base 7?
-222
Convert 12 (base 15) to base 14.
13
1 (base 15) to base 10
1
What is 140 (base 10) in base 15?
95
Convert -525 (base 7) to base 13.
-174
What is 44 (base 9) in base 5?
130
What is 5b (base 15) in base 5?
321
Convert 0 (base 6) to base 5.
0
Convert -15 (base 6) to base 13.
-b
What is -2 (base 3) in base 10?
-2
Convert 2 (base 4) to base 15.
2
0 (base 11) to base 4
0
Convert 2 (base 6) to base 16.
2
1110 (base 2) to base 11
13
What is -2 (base 14) in base 8?
-2
What is -1011110 (base 2) in base 16?
-5e
Convert -13 (base 13) to base 8.
-20
-166 (base 7) to base 15
-67
22 (base 8) to base 13
15
11 (base 3) to base 6
4
101 (base 3) to base 8
12
Convert 122 (base 4) to base 6.
42
Convert -10111 (base 2) to base 16.
-17
-6 (base 13) to base 11
-6
Convert 2 (base 3) to base 2.
10
-76 (base 16) to base 2
-1110110
Convert 48 (base 11) to base 8.
64
Convert 1d6 (base 14) to base 4.
12000
-52 (base 10) to base 8
-64
Convert -39 (base 16) to base 10.
-57
Convert -100 (base 2) to base 16.
-4
-4 (base 16) to base 14
-4
What is -20 (base 10) in base 11?
-19
4a (base 14) to base 2
1000010
-3 (base 6) to base 7
-3
100 (base 2) to base 3
11
-1 (base 6) to base 11
-1
102 (base 6) to base 7
53
-54 (base 11) to base 12
-4b
What is -62 (base 15) in base 2?
-1011100
-3 (base 16) to base 8
-3
7 (base 8) to base 13
7
Convert -26 (base 13) to base 4.
-200
3 (base 4) to base 8
3
What is -4 (base 12) in base 13?
-4
-114 (base 12) to base 14
-b6
Convert 0 (base 14) to base 11.
0
2210 (base 3) to base 5
300
What is 15 (base 8) in base 7?
16
-10 (base 8) to base 5
-13
What is 4 (base 9) in base 11?
4
-5 (base 13) to base 2
-101
-2d (base 14) to base 9
-45
Convert 154 (base 8) to base 16.
6c
Convert 0 (base 9) to base 13.
0
Convert 99 (base 12) to base 2.
1110101
Convert -1000 (base 2) to base 4.
-20
What is 111 (base 5) in base 4?
133
Convert -12 (base 15) to base 16.
-11
What is 3 (base 9) in base 2?
11
Convert -5 (base 14) to base 12.
-5
What is 4 (base 15) in base 5?
4
What is -25 (base 11) in base 7?
-36
-3 (base 9) to base 12
-3
2 (base 8) to base 5
2
Convert -2 (base 10) to base 4.
-2
What is -1 (base 11) in base 12?
-1
2 (base 9) to base 13
2
What is 2 (base 6) in base 4?
2
-1 (base 12) to base 5
-1
What is -13 (base 7) in base 8?
-12
What is 13 (base 16) in base 8?
23
-1 (base 12) to base 10
-1
What is e1 (base 16) in base 8?
341
What is -100 (base 4) in base 10?
-16
Convert 40 (base 6) to base 13.
1b
-7a (base 13) to base 9
-122
What is -2021 (base 3) in base 11?
-56
What is 2003 (base 5) in base 8?
375
-12 (base 14) to base 8
-20
Convert 58 (base 12) to base 10.
68
What is -80 (base 12) in base 6?
-240
-57 (base 16) to base 14
-63
What is 3 (base 5) in base 2?
11
What is 3 (base 5) in base 13?
3
Convert 2312 (base 4) to base 11.
156
-64 (base 12) to base 2
-1001100
Convert -1 (base 16) to base 3.
-1
-100 (base 3) to base 7
-12
103 (base 4) to base 7
25
-100 (base 2) to base 16
-4
What is 0 (base 8) in base 2?
0
Convert 0 (base 5) to base 14.
0
-2 (base 12) to base 10
-2
-2 (base 6) to base 4
-2
Convert -65 (base 9) to base 3.
-2012
What is 0 (base 3) in base 9?
0
1 (base 2) to base 12
1
What is 40 (base 8) in base 4?
200
What is 9 (base 15) in base 14?
9
What is 11 (base 10) in base 16?
b
Convert -141 (base 5) to base 3.
-1201
Convert -334 (base 6) to base 2.
-10000010
What is 14 (base 6) in base 7?
13
What is 3 (base 15) in base 7?
3
-122 (base 4) to base 16
-1a
-8 (base 12) to base 14
-8
1 (base 5) to base 11
1
What is -32 (base 5) in base 2?
-10001
52 (base 14) to base 11
66
Convert 8 (base 12) to base 3.
22
-65 (base 7) to base 5
-142
Convert 1142 (base 5) to base 16.
ac
What is -2 (base 6) in base 5?
-2
Convert 64 (base 8) to base 13.
40
-233 (base 5) to base 12
-58
Convert 1011 (base 3) to base 2.
11111
Convert -2 (base 11) to base 15.
-2
What is -2 (base 6) in base 10?
-2
a3 (base 15) to base 9
180
What is 0 (base 11) in base 2?
0
Convert -2 (base 12) to base 11.
-2
Convert -46 (base 10) to base 5.
-141
What is 11020 (base 3) in base 12?
96
What is -60 (base 9) in base 7?
-105
1120 (base 3) to base 5
132
-40 (base 5) to base 14
-16
Convert -15 (base 6) to base 12.
-b
Convert 5 (base 8) to base 4.
11
Convert 1123 (base 4) to base 7.
160
-210 (base 7) to base 14
-77
350 (base 7) to base 15
c2
Convert 4 (base 7) to base 16.
4
What is 1012 (base 5) in base 14?
96
-6 (base 11) to base 6
-10
Convert -3 (base 5) to base 10.
-3
2a (base 14) to base 6
102
Convert 29 (base 10) to base 13.
23
What is -63 (base 13) in base 6?
-213
Convert 10011 (base 2) to base 14.
15
What is -54 (base 8) in base 15?
-2e
-11 (base 10) to base 9
-12
What is e1 (base 16) in base 8?
341
What is -1 (base 10) in base 12?
-1
Convert -115 (base 6) to base 4.
-233
-90 (base 14) to base 15
-86
What is 0 (base 16) in base 12?
0
1 (base 6) to base 2
1
1 (base 14) to base 9
1
What is 101001 (base 2) in